{"id":916,"date":"2021-03-09T15:23:41","date_gmt":"2021-03-09T14:23:41","guid":{"rendered":"https:\/\/www.poli.fr\/g\/?page_id=916"},"modified":"2021-05-31T15:33:24","modified_gmt":"2021-05-31T13:33:24","slug":"le-temps-des-champions","status":"publish","type":"page","link":"https:\/\/www.poli.fr\/g\/le-temps-des-champions\/","title":{"rendered":"Le temps des champions"},"content":{"rendered":"<p><img loading=\"lazy\" style=\"float: right; margin: 0px 20px;\" title=\"catalogue poli\" src=\"\/img\/cms\/Catalogue-club-1.jpg\" alt=\"un des premiers catalogue club poli\" width=\"311\" height=\"456\" \/><br \/>\n1982. Le fr\u00e8re d\u2019un employ\u00e9 de la soci\u00e9t\u00e9 Poli ach\u00e8ve une brillante carri\u00e8re sportive dans le domaine du cyclisme. Il rencontre Michel Poli et lui sugg\u00e8re de cr\u00e9er une gamme technique d\u00e9di\u00e9e \u00e0 cette discipline. Les r\u00f4les se r\u00e9partissent : au champion d\u2019apporter ses conseils afin d\u2019obtenir la <a href=\"\/achat\/tenue-cycliste-219.html\">tenue cycliste<\/a> la plus performante possible, \u00e0 Polisports de concevoir et fabriquer ces v\u00eatements.<\/p>\n<p><strong>Une des forces majeures de Poli venait de se mettre en place : la collaboration avec des sportifs de haut niveau pour la conception de v\u00eatements de haute technicit\u00e9. Elle ne se d\u00e9mentira jamais\u2026<\/strong><\/p>\n<p><strong>\u00a0<\/strong><!--more--><\/p>\n<h2>Premiers marquages, premiers clubs<\/h2>\n<p>Les clubs cyclistes se montrent s\u00e9duits par cette nouvelle gamme qui allie technologie, confort et design. Mais encore faut-il pouvoir marquer les tenues \u00e0 leurs couleurs ! Michel Poli \u00e9quipe alors son atelier d\u2019une unit\u00e9 de flocage pour satisfaire cette nouvelle demande. Une d\u00e9cision qui marque le d\u00e9but des relations que Poli entretient avec les clubs sportifs depuis pr\u00e8s de 40 ans\u2026<\/p>\n<p style=\"font-size: 12px; text-align: right;\">L&rsquo;un des premiers catalogue Poli d\u00e9di\u00e9 aux clubs cyclistes<\/p>\n<h2>Poli, pr\u00e9curseur de la sublimation en France<\/h2>\n<p>Deux innovations majeures vont d\u00e9finitivement positionner la marque au top de la cr\u00e9ativit\u00e9. En 1984, <strong>la soci\u00e9t\u00e9 sera en effet la premi\u00e8re en France \u00e0 utiliser le Lycra\u00ae dans la fabrication de cuissards et la premi\u00e8re \u00e0 proposer le marquage en sublimation pour les <a href=\"\/achat\/vetement-cyclisme-personnalise-967.html\">tenues cyclistes personnalis\u00e9es<\/a>.<\/strong><\/p>\n<p>Le succ\u00e8s suit aussit\u00f4t. Parall\u00e8lement, Poli continue le d\u00e9veloppement de ses gammes d\u00e9di\u00e9es au ski, qui s\u2019exportent jusqu\u2019en Argentine, et au beachwear.<\/p>\n<p style=\"text-align: center; font-size: 12px;\"><img loading=\"lazy\" title=\"catalogue ski poli\" src=\"\/img\/cms\/Velo-sublime.jpg\" alt=\"les catalogues poli\" width=\"600\" height=\"415\" \/><br \/>\nAu milieu des ann\u00e9es 80, les premiers maillots sublim\u00e9s pour le cyclisme c\u00f4toient les tenues de ski !<\/p>\n<h2>Une marque qui grimpe\u2026<\/h2>\n<p>Toujours \u00e0 la recherche de talents \u00e0 m\u00eame de d\u00e9velopper la technicit\u00e9 de ses produits, Michel Poli est amen\u00e9 \u00e0 rencontrer, en 1990, un jeune sportif, alors chef de rayon dans un magasin d\u2019escalade \u00e0 Valence. S\u00e9duit par la passion du jeune homme, il d\u00e9cide de cr\u00e9er une gamme d\u00e9di\u00e9e \u00e0 cette discipline avec, comme conseiller technique, le sportif en question. Son nom ? <a href=\"http:\/\/www.alainrobert.com\/\" target=\"_blank\" rel=\"noopener noreferrer\">Alain Robert<\/a>, aujourd\u2019hui mondialement connu sous le surnom de \u201cSpiderman fran\u00e7ais\u201d\u2026 Champion, vous avez dit champion ?<\/p>\n<p style=\"text-align: center; font-size: 12px;\"><img loading=\"lazy\" title=\"Spiderman fran\u00e7ais\" src=\"\/img\/cms\/A%20Robert.jpg\" alt=\"Alain Robert avec Poli\" width=\"400\" height=\"608\" \/><br \/>\nD\u00e9but des ann\u00e9es 90. Rencontre avec un jeune passionn\u00e9 d\u2019escalade alors inconnu : Alain Robert.<br \/>\nIl participera, aux c\u00f4t\u00e9s de Michel Poli, \u00e0 la cr\u00e9ation d\u2019une gamme \u201cescalade\u201d<\/p>\n","protected":false},"excerpt":{"rendered":"<p>1982. Le fr\u00e8re d\u2019un employ\u00e9 de la soci\u00e9t\u00e9 Poli ach\u00e8ve une brillante carri\u00e8re sportive dans le domaine du cyclisme. Il rencontre Michel Poli et lui sugg\u00e8re de cr\u00e9er une gamme technique d\u00e9di\u00e9e \u00e0 cette discipline. Les r\u00f4les se r\u00e9partissent : au champion d\u2019apporter ses conseils afin d\u2019obtenir la tenue cycliste la plus performante possible, \u00e0 &hellip; <a href=\"https:\/\/www.poli.fr\/g\/le-temps-des-champions\/\" class=\"more-link\">Continuer la lecture<span class=\"screen-reader-text\"> de &laquo;&nbsp;Le temps des champions&nbsp;&raquo;<\/span><\/a><\/p>\n","protected":false},"author":6,"featured_media":0,"parent":0,"menu_order":0,"comment_status":"closed","ping_status":"closed","template":"templates\/grappe.php","meta":[],"_links":{"self":[{"href":"https:\/\/www.poli.fr\/g\/wp-json\/wp\/v2\/pages\/916"}],"collection":[{"href":"https:\/\/www.poli.fr\/g\/wp-json\/wp\/v2\/pages"}],"about":[{"href":"https:\/\/www.poli.fr\/g\/wp-json\/wp\/v2\/types\/page"}],"author":[{"embeddable":true,"href":"https:\/\/www.poli.fr\/g\/wp-json\/wp\/v2\/users\/6"}],"replies":[{"embeddable":true,"href":"https:\/\/www.poli.fr\/g\/wp-json\/wp\/v2\/comments?post=916"}],"version-history":[{"count":6,"href":"https:\/\/www.poli.fr\/g\/wp-json\/wp\/v2\/pages\/916\/revisions"}],"predecessor-version":[{"id":997,"href":"https:\/\/www.poli.fr\/g\/wp-json\/wp\/v2\/pages\/916\/revisions\/997"}],"wp:attachment":[{"href":"https:\/\/www.poli.fr\/g\/wp-json\/wp\/v2\/media?parent=916"}],"curies":[{"name":"wp","href":"https:\/\/api.w.org\/{rel}","templated":true}]}}