{"id":914,"date":"2021-03-09T15:20:53","date_gmt":"2021-03-09T14:20:53","guid":{"rendered":"https:\/\/www.poli.fr\/g\/?page_id=914"},"modified":"2021-05-31T15:34:10","modified_gmt":"2021-05-31T13:34:10","slug":"la-voie-de-la-reussite","status":"publish","type":"page","link":"https:\/\/www.poli.fr\/g\/la-voie-de-la-reussite\/","title":{"rendered":"Poli trouve sa voie vers la r\u00e9ussite"},"content":{"rendered":"<p><img loading=\"lazy\" style=\"display: block; float: right; margin-left: 25px; margin-right: 25px;\" title=\"les m\u00e9dias Poli\" src=\"\/img\/cms\/Journal%2008-1991.jpg\" alt=\"Journal POLI\" width=\"350\" height=\"357\" \/><\/p>\n<p>Au d\u00e9but des ann\u00e9es 90, les march\u00e9s de l\u2019escalade et du v\u00e9lo sont de vrais succ\u00e8s et empruntent une pente ascendante\u2026 que la gamme cycliste ne sera pas pr\u00eate de redescendre !<\/p>\n<p>\u00c0 la m\u00eame p\u00e9riode, Poli d\u00e9chausse ses raquettes et met un terme \u00e0 sa collection destin\u00e9e au ski : cela fait trois saisons que la neige ne tient pas et l\u2019arriv\u00e9e de la concurrence chinoise vient \u00e9touffer le march\u00e9. Les adieux \u00e0 la neige et aux vagues<\/p>\n<p>En 1992, c\u2019est au tour de la collection beachwear de conna\u00eetre une fin anticip\u00e9e, face \u00e0 l\u2019arriv\u00e9e des futurs g\u00e9ants du surf sur le march\u00e9 de la glisse.<\/p>\n<p><!--more--><\/p>\n<h2>\u00c0 l\u2019assaut du ballon rond<\/h2>\n<p>Qu\u2019\u00e0 cela ne tienne ! Sans jamais perdre de vue le cyclisme, Poli d\u00e9laisse ces activit\u00e9s devenues peu rentables et se lance dans un march\u00e9 tr\u00e8s prometteur. Maradona, Platini\u2026 vous connaissez ?<\/p>\n<p>En s\u2019attaquant \u00e0 la conception de maillots de foot, Poli marque un grand coup : ils sont, au d\u00e9but des ann\u00e9es 90, les seuls Fran\u00e7ais \u00e0 pratiquer la <a href=\"http:\/\/www.aps13.fr\/content\/69-sublimation\" target=\"_blank\" rel=\"noopener noreferrer\">sublimation sur des maillots de foot<\/a> : les logos des sponsors et les noms des joueurs sont imprim\u00e9s \u00e0 m\u00eame le tissu. Une expertise qui vaut de l\u2019or.<\/p>\n<p><img loading=\"lazy\" class=\"aligncenter\" title=\"Ultra Marine\" src=\"\/img\/cms\/maillot%20de%20bain.png\" alt=\"Poli se lance dans le maillot de bain\" width=\"300\" height=\"478\" \/><\/p>\n<h2>Jolies formes et sable fin<\/h2>\n<p>Deux ans apr\u00e8s avoir mis le surf de c\u00f4t\u00e9, Michel Poli se jette \u00e0 nouveau \u00e0 l\u2019eau lorsqu\u2019il rach\u00e8te, en 1994, une soci\u00e9t\u00e9 sp\u00e9cialis\u00e9e dans la confection de <a href=\"http:\/\/www.boutiquemaillot.com\/\" target=\"_blank\" rel=\"noopener noreferrer\">maillots de bain femme<\/a>.<\/p>\n<p>Il lance sa propre marque, <strong>Ultra Marine<\/strong>, destin\u00e9e \u00e0 la grande distribution. Comme quoi, il peut y avoir du nouveau sous le soleil\u2026<\/p>\n<h2>Et 1, et 2 et 3\u2026 V\u00e9lo !<\/h2>\n<p>A la fin des ann\u00e9es 90, alors que la France entonne en ch\u0153ur son hymne du \u201c3-0\u201d, Michel Poli d\u00e9cide de se consacrer uniquement au v\u00e9lo : une ascension \u00e0 toute allure sans frein ni cha\u00eenes pour la stopper.<\/p>\n","protected":false},"excerpt":{"rendered":"<p>Au d\u00e9but des ann\u00e9es 90, les march\u00e9s de l\u2019escalade et du v\u00e9lo sont de vrais succ\u00e8s et empruntent une pente ascendante\u2026 que la gamme cycliste ne sera pas pr\u00eate de redescendre ! \u00c0 la m\u00eame p\u00e9riode, Poli d\u00e9chausse ses raquettes et met un terme \u00e0 sa collection destin\u00e9e au ski : cela fait trois saisons &hellip; <a href=\"https:\/\/www.poli.fr\/g\/la-voie-de-la-reussite\/\" class=\"more-link\">Continuer la lecture<span class=\"screen-reader-text\"> de &laquo;&nbsp;Poli trouve sa voie vers la r\u00e9ussite&nbsp;&raquo;<\/span><\/a><\/p>\n","protected":false},"author":6,"featured_media":0,"parent":0,"menu_order":0,"comment_status":"closed","ping_status":"closed","template":"templates\/grappe.php","meta":[],"_links":{"self":[{"href":"https:\/\/www.poli.fr\/g\/wp-json\/wp\/v2\/pages\/914"}],"collection":[{"href":"https:\/\/www.poli.fr\/g\/wp-json\/wp\/v2\/pages"}],"about":[{"href":"https:\/\/www.poli.fr\/g\/wp-json\/wp\/v2\/types\/page"}],"author":[{"embeddable":true,"href":"https:\/\/www.poli.fr\/g\/wp-json\/wp\/v2\/users\/6"}],"replies":[{"embeddable":true,"href":"https:\/\/www.poli.fr\/g\/wp-json\/wp\/v2\/comments?post=914"}],"version-history":[{"count":8,"href":"https:\/\/www.poli.fr\/g\/wp-json\/wp\/v2\/pages\/914\/revisions"}],"predecessor-version":[{"id":999,"href":"https:\/\/www.poli.fr\/g\/wp-json\/wp\/v2\/pages\/914\/revisions\/999"}],"wp:attachment":[{"href":"https:\/\/www.poli.fr\/g\/wp-json\/wp\/v2\/media?parent=914"}],"curies":[{"name":"wp","href":"https:\/\/api.w.org\/{rel}","templated":true}]}}