{"id":912,"date":"2021-03-09T15:20:16","date_gmt":"2021-03-09T14:20:16","guid":{"rendered":"https:\/\/www.poli.fr\/g\/?page_id=912"},"modified":"2021-05-31T15:32:39","modified_gmt":"2021-05-31T13:32:39","slug":"fin-90-la-tete-dans-le-guidon","status":"publish","type":"page","link":"https:\/\/www.poli.fr\/g\/fin-90-la-tete-dans-le-guidon\/","title":{"rendered":"Fin 90 : la t\u00eate dans le guidon"},"content":{"rendered":"<p><strong><img loading=\"lazy\" style=\"margin-left: 10px; margin-right: 10px; float: right;\" src=\"\/img\/cms\/service-maquette.jpg\" alt=\"\" width=\"350\" height=\"265\" \/>Poli<\/strong> enfourche le march\u00e9 du v\u00e9lo et entame sa course vers les sommets sans jamais perdre de vue son fil d\u2019Ariane : une collaboration engag\u00e9e et passionnante avec des champions du cyclisme, prodiguant leurs conseils et leur expertise lors de la conception des tenues. Une proximit\u00e9, toujours renouvel\u00e9e, entre sportifs et techniciens, qui va se tisser au c\u0153ur de l\u2019identit\u00e9 de Poli.<\/p>\n<p><!--more--><\/p>\n<h2>De nouvelles selles \u00e0 son arc<\/h2>\n<p>Jusqu\u2019alors, la marque se destinait aux particuliers via la grande distribution. Puis, Poli a mis le turbo et a fonc\u00e9 vers un march\u00e9 prometteur, qui ne le l\u00e2chera pas de sit\u00f4t : <strong>les clubs cyclistes<\/strong>.<\/p>\n<p>F\u00e9rus de v\u00e9los et en constante demande de la meilleure performance technique et d\u2019un confort optimal, les clubs vont devenir les interlocuteurs privil\u00e9gi\u00e9s de Poli. \u00c0 un tel point qu\u2019en 2003, la marque cesse toute distribution de ses produits aux particuliers.<\/p>\n<p><img loading=\"lazy\" style=\"margin-left: 10px; margin-right: 10px; float: left;\" src=\"\/img\/cms\/ordinateur-poli.jpg\" alt=\"Lancement du site Poli\" width=\"400\" height=\"300\" \/><\/p>\n<h2>Poli 2.0<\/h2>\n<p>La m\u00eame ann\u00e9e, Poli lance une nouvelle collection destin\u00e9e \u00e0 l\u2019<a title=\"tenue running et athl\u00e9tisme\" href=\"\/achat\/tenue-running-222.html\">athl\u00e9tisme<\/a> et au <a title=\"tenue triathlon\" href=\"\/achat\/tenue-triathlon-220.html\">triathlon<\/a>, alors qu\u2019en 2002, <strong>Maxime Poli<\/strong> \u2013 le fils de Michel \u2013 fait son entr\u00e9e dans la soci\u00e9t\u00e9 familiale. Son arriv\u00e9e augure un vent de fra\u00eecheur pour la marque : apr\u00e8s avoir occup\u00e9 diff\u00e9rents postes dans l\u2019entreprise pour mieux la conna\u00eetre, y compris en fabrication, il pr\u00e9pare l\u2019entr\u00e9e de Poli dans l\u2019\u00e8re digitale.<\/p>\n<p>En 2004, les particuliers peuvent d\u00e8s lors \u00e0 nouveau acheter les produits de la marque, cette fois-ci via un tout nouveau <strong>site marchand en ligne<\/strong>.<\/p>\n<p>Les hauts et les bas, les d\u00e9tours et les lignes droites, le circuit du succ\u00e8s de Poli \u00e9tait comme dessin\u00e9 \u00e0 l\u2019avance\u2026<\/p>\n","protected":false},"excerpt":{"rendered":"<p>Poli enfourche le march\u00e9 du v\u00e9lo et entame sa course vers les sommets sans jamais perdre de vue son fil d\u2019Ariane : une collaboration engag\u00e9e et passionnante avec des champions du cyclisme, prodiguant leurs conseils et leur expertise lors de la conception des tenues. Une proximit\u00e9, toujours renouvel\u00e9e, entre sportifs et techniciens, qui va se &hellip; <a href=\"https:\/\/www.poli.fr\/g\/fin-90-la-tete-dans-le-guidon\/\" class=\"more-link\">Continuer la lecture<span class=\"screen-reader-text\"> de &laquo;&nbsp;Fin 90 : la t\u00eate dans le guidon&nbsp;&raquo;<\/span><\/a><\/p>\n","protected":false},"author":6,"featured_media":0,"parent":0,"menu_order":0,"comment_status":"closed","ping_status":"closed","template":"templates\/grappe.php","meta":[],"_links":{"self":[{"href":"https:\/\/www.poli.fr\/g\/wp-json\/wp\/v2\/pages\/912"}],"collection":[{"href":"https:\/\/www.poli.fr\/g\/wp-json\/wp\/v2\/pages"}],"about":[{"href":"https:\/\/www.poli.fr\/g\/wp-json\/wp\/v2\/types\/page"}],"author":[{"embeddable":true,"href":"https:\/\/www.poli.fr\/g\/wp-json\/wp\/v2\/users\/6"}],"replies":[{"embeddable":true,"href":"https:\/\/www.poli.fr\/g\/wp-json\/wp\/v2\/comments?post=912"}],"version-history":[{"count":10,"href":"https:\/\/www.poli.fr\/g\/wp-json\/wp\/v2\/pages\/912\/revisions"}],"predecessor-version":[{"id":995,"href":"https:\/\/www.poli.fr\/g\/wp-json\/wp\/v2\/pages\/912\/revisions\/995"}],"wp:attachment":[{"href":"https:\/\/www.poli.fr\/g\/wp-json\/wp\/v2\/media?parent=912"}],"curies":[{"name":"wp","href":"https:\/\/api.w.org\/{rel}","templated":true}]}}

Fin 90 : la tête dans le guidon

<p><strong><img loading="lazy" style="margin-left: 10px; margin-right: 10px; float: right;" src="/img/cms/service-maquette.jpg" alt="" width="350" height="265" />Poli</strong> enfourche le marché du vélo et entame sa course vers les sommets sans jamais perdre de vue son fil d’Ariane : une collaboration engagée et passionnante avec des champions du cyclisme, prodiguant leurs conseils et leur expertise lors de la conception des tenues. Une proximité, toujours renouvelée, entre sportifs et techniciens, qui va se tisser au cœur de l’identité de Poli.</p>
<p><!--more--></p>
<h2>De nouvelles selles à son arc</h2>
<p>Jusqu’alors, la marque se destinait aux particuliers via la grande distribution. Puis, Poli a mis le turbo et a foncé vers un marché prometteur, qui ne le lâchera pas de sitôt : <strong>les clubs cyclistes</strong>.</p>
<p>Férus de vélos et en constante demande de la meilleure performance technique et d’un confort optimal, les clubs vont devenir les interlocuteurs privilégiés de Poli. À un tel point qu’en 2003, la marque cesse toute distribution de ses produits aux particuliers.</p>
<p><img loading="lazy" style="margin-left: 10px; margin-right: 10px; float: left;" src="/img/cms/ordinateur-poli.jpg" alt="Lancement du site Poli" width="400" height="300" /></p>
<h2>Poli 2.0</h2>
<p>La même année, Poli lance une nouvelle collection destinée à l’<a title="tenue running et athlétisme" href="/achat/tenue-running-222.html">athlétisme</a> et au <a title="tenue triathlon" href="/achat/tenue-triathlon-220.html">triathlon</a>, alors qu’en 2002, <strong>Maxime Poli</strong> – le fils de Michel – fait son entrée dans la société familiale. Son arrivée augure un vent de fraîcheur pour la marque : après avoir occupé différents postes dans l’entreprise pour mieux la connaître, y compris en fabrication, il prépare l’entrée de Poli dans l’ère digitale.</p>
<p>En 2004, les particuliers peuvent dès lors à nouveau acheter les produits de la marque, cette fois-ci via un tout nouveau <strong>site marchand en ligne</strong>.</p>
<p>Les hauts et les bas, les détours et les lignes droites, le circuit du succès de Poli était comme dessiné à l’avance…</p>

<p>Poli enfourche le marché du vélo et entame sa course vers les sommets sans jamais perdre de vue son fil d’Ariane : une collaboration engagée et passionnante avec des champions du cyclisme, prodiguant leurs conseils et leur expertise lors de la conception des tenues. Une proximité, toujours renouvelée, entre sportifs et techniciens, qui va se &hellip; <a href="https://www.poli.fr/g/fin-90-la-tete-dans-le-guidon/" class="more-link">Continuer la lecture<span class="screen-reader-text"> de &laquo;&nbsp;Fin 90 : la tête dans le guidon&nbsp;&raquo;</span></a></p>
