{"id":141,"date":"2020-09-25T13:51:44","date_gmt":"2020-09-25T11:51:44","guid":{"rendered":"https:\/\/www.poli.fr\/g\/?page_id=141"},"modified":"2022-05-26T18:56:06","modified_gmt":"2022-05-26T16:56:06","slug":"choisir-peau-chamois-cuissard-velo","status":"publish","type":"page","link":"https:\/\/www.poli.fr\/g\/choisir-peau-chamois-cuissard-velo\/","title":{"rendered":"La peau de chamois (insert) d\u2019un cuissard de v\u00e9lo"},"content":{"rendered":"<p>Rouler \u00e0 v\u00e9lo est toujours plus agr\u00e9able en \u00e9tant assis confortablement. Abordons dans ce <a href=\"https:\/\/www.poli.fr\/g\/tout-sur-cuissard-velo\/\">guide du cuissard<\/a> l\u2019insert, que l\u2019on nomme aussi \u00ab fond de cuissard \u00bb, \u00ab peau \u00bb ou encore \u00ab peau de chamois \u00bb, et qui vous permet d\u2019assurer confort et hygi\u00e8ne lors de chaque sortie. C&rsquo;est un \u00e9l\u00e9ment essentiel dans <a href=\"https:\/\/www.poli.fr\/g\/conception-cuissard-velo\/\">la conception d&rsquo;un cuissard<\/a>.<\/p>\n<p><img loading=\"lazy\" class=\"alignnone size-full wp-image-885\" src=\"https:\/\/www.poli.fr\/g\/wp-content\/uploads\/2021\/03\/peau2.jpg\" alt=\"\" width=\"1000\" height=\"667\" srcset=\"https:\/\/www.poli.fr\/g\/wp-content\/uploads\/2021\/03\/peau2.jpg 1000w, https:\/\/www.poli.fr\/g\/wp-content\/uploads\/2021\/03\/peau2-300x200.jpg 300w, https:\/\/www.poli.fr\/g\/wp-content\/uploads\/2021\/03\/peau2-768x512.jpg 768w\" sizes=\"(max-width: 709px) 85vw, (max-width: 909px) 67vw, (max-width: 1362px) 62vw, 840px\" \/><\/p>\n<p>Il existe diff\u00e9rents mod\u00e8les de peaux. La peau de chamois a longtemps \u00e9t\u00e9 la r\u00e9f\u00e9rence gr\u00e2ce \u00e0 ses qualit\u00e9s anti-abrasives. Aujourd\u2019hui, on retrouve presque toujours des <a href=\"https:\/\/www.poli.fr\/g\/matieres-cuissard-velo\/\">mati\u00e8res synth\u00e9tiques<\/a> dans le <a href=\"https:\/\/www.poli.fr\/achat\/cuissard-velo-237.html\">cuissard pour v\u00e9lo<\/a>. L\u2019utilit\u00e9 de l\u2019insert est tr\u00e8s importante. Voici pourquoi.<\/p>\n<h2>Amortir les chocs, son atout phare<\/h2>\n<p>L&rsquo;insert est un renfort matelass\u00e9 plac\u00e9 \u00e0 l&rsquo;int\u00e9rieur du cuissard de v\u00e9lo. Il se situe plus exactement dans l\u2019entrejambe, sur la surface des ischios et du p\u00e9rin\u00e9e. Il est l\u2019outil parfait pour amortir les chocs et limiter les vibrations. Il permet \u00e9galement de r\u00e9duire les frottements dus au p\u00e9dalage.<br \/>\nCette pi\u00e8ce doit \u00eatre dermophile, c\u2019est-\u00e0-dire qu\u2019elle doit avoir re\u00e7u un traitement antibact\u00e9rien. Elle doit \u00e9galement \u00e9vacuer la transpiration au cours de l\u2019exercice.<\/p>\n<h2>Des inserts diff\u00e9rents selon plusieurs crit\u00e8res<\/h2>\n<p>L\u2019insert peut \u00eatre compos\u00e9 de diff\u00e9rentes mati\u00e8res. Il existe de tr\u00e8s nombreux mod\u00e8les de peaux en fonction de la pratique, du pratiquant ou encore de sa dur\u00e9e d&rsquo;utilisation. D\u2019un mod\u00e8le \u00e0 l\u2019autre, les fibres d\u2019\u00e9lasticit\u00e9, les moulages de coques morphologiques, ainsi que les mousses ou le gel varient.<br \/>\nL\u2019insert est compos\u00e9 de plusieurs couches parfois en mousse, parfois en gel ou les deux simultan\u00e9ment. Il sera int\u00e9gr\u00e9, thermoform\u00e9 ou cousu. Les inserts termoform\u00e9s sont r\u00e9alis\u00e9s \u00e0 partir de moules et contre-moules qui se lient \u00e0 une temp\u00e9rature de 200 degr\u00e9s. L\u2019absence de coutures \u00e9vite la sensation d\u2019irritations aux points d\u2019appui entre le cycliste et sa selle.<br \/>\nLe cuissard se porte sans sous-v\u00eatements. L\u2019\u00e9vacuation de la transpiration reste une n\u00e9cessit\u00e9 pendant la sortie cycliste et ce en toutes les saisons, pas seulement en \u00e9t\u00e9.<\/p>\n<p><img loading=\"lazy\" class=\"alignnone size-full wp-image-784\" src=\"https:\/\/www.poli.fr\/g\/wp-content\/uploads\/2021\/02\/22540020_1583387228350563_3828634280324930587_n.jpg\" alt=\"\" width=\"900\" height=\"773\" srcset=\"https:\/\/www.poli.fr\/g\/wp-content\/uploads\/2021\/02\/22540020_1583387228350563_3828634280324930587_n.jpg 900w, https:\/\/www.poli.fr\/g\/wp-content\/uploads\/2021\/02\/22540020_1583387228350563_3828634280324930587_n-300x258.jpg 300w, https:\/\/www.poli.fr\/g\/wp-content\/uploads\/2021\/02\/22540020_1583387228350563_3828634280324930587_n-768x660.jpg 768w\" sizes=\"(max-width: 709px) 85vw, (max-width: 909px) 67vw, (max-width: 1362px) 62vw, 840px\" \/><\/p>\n<h2>Le confort au service de la performance<\/h2>\n<p>Il existe une multitude de peaux diff\u00e9rentes. Cependant, certains fabricants se d\u00e9marquent par leur d\u00e9marche scientifique. C\u2019est le cas d\u2019Elastic Interface qui fournit plusieurs des tr\u00e8s grandes marques du march\u00e9 du cuissard. En collaboration avec le d\u00e9partement des sciences biom\u00e9dicales de l\u2019universit\u00e9 de Padoue en Italie, elle m\u00e8ne de nombreuses \u00e9tudes. Celles-ci ont d\u00e9montr\u00e9es que l\u2019inconfort des frottements n\u2019est pas le seul risque d\u2019un mauvais choix de peau. En effet, ils ont observ\u00e9 une diminution de la performance sportive. De plus, une position inadapt\u00e9e sur la selle peut engendrer des douleurs vert\u00e9brales et articulaires.<\/p>\n<h2>La composition de l\u2019insert\u00a0: selon l\u2019os pubien<\/h2>\n<p>La densit\u00e9 et les mati\u00e8res utilis\u00e9es pour l\u2019insert varient selon la physiologie du cycliste. Les coupes et les peaux de cuissard pour les hommes ne sont logiquement pas les m\u00eames pour les femmes ou les enfants. Pour fabriquer le meilleur insert, il faut s\u2019int\u00e9resser \u00e0 la position du cycliste sur selle. Il n\u2019est pas seulement assis, il est \u00e9galement pench\u00e9 vers l\u2019avant. De cette mani\u00e8re, les points d\u2019appuis anatomiques sont l\u2019os pubien, les tub\u00e9rosit\u00e9s ischiatiques et le pubis. C\u2019est avec ces donn\u00e9es anthropom\u00e9triques que sont \u00e9tudi\u00e9s les cuissards disponibles sur le march\u00e9.<br \/>\nIl est donc logique que les produits pour les hommes, les femmes et les enfants soient diff\u00e9rents. Chez la femme, l\u2019os pubien n\u2019est pas droit et forme un arc avec le pubis et les tub\u00e9rosit\u00e9s ischiatiques. Le cuissard femme ne se limite donc plus aujourd\u2019hui \u00e0 l\u2019int\u00e9gration de bandes roses, heureusement\u00a0!<\/p>\n<p><img loading=\"lazy\" class=\"alignnone size-full wp-image-886\" src=\"https:\/\/www.poli.fr\/g\/wp-content\/uploads\/2021\/03\/peau.jpg\" alt=\"\" width=\"1000\" height=\"667\" srcset=\"https:\/\/www.poli.fr\/g\/wp-content\/uploads\/2021\/03\/peau.jpg 1000w, https:\/\/www.poli.fr\/g\/wp-content\/uploads\/2021\/03\/peau-300x200.jpg 300w, https:\/\/www.poli.fr\/g\/wp-content\/uploads\/2021\/03\/peau-768x512.jpg 768w\" sizes=\"(max-width: 709px) 85vw, (max-width: 909px) 67vw, (max-width: 1362px) 62vw, 840px\" \/><\/p>\n<p>Les inserts dans la gamme r\u00e9serv\u00e9e aux enfants sont logiquement de dimensions plus r\u00e9duites\u00a0: moins large et plus courte. La mousse est \u00e9galement moins dense et moins \u00e9paisse. La peau enfant offre cependant une protection calcul\u00e9e sur le poids de l\u2019enfant, g\u00e9n\u00e9ralement bien moins lourd qu\u2019un adulte.<\/p>\n<h2>\u00c9paisseur et densit\u00e9 de l\u2019insert<\/h2>\n<p>La composition de plusieurs couches d\u00e9termine l\u2019\u00e9paisseur et la densit\u00e9 de l\u2019insert. De mani\u00e8re th\u00e9orique, on va consid\u00e9rer qu\u2019un insert \u00e9pais et dense va augmenter le confort et ainsi convenir particuli\u00e8rement \u00e0 des trajets longs sur un terrain o\u00f9 les chocs sont fr\u00e9quents.<br \/>\nToutes les couches n\u2019ont pas la m\u00eame \u00e9paisseur. G\u00e9n\u00e9ralement, on va s\u2019attarder \u00e0 la r\u00e9silience aux vibrations et aux rebonds d\u2019une couche. Sa capacit\u00e9 \u00e0 respirer, souvent gr\u00e2ce \u00e0 la pr\u00e9sence d\u2019alv\u00e9oles en surface, est \u00e9galement \u00e9tudi\u00e9e.<br \/>\nPar ailleurs, plus le cycliste est lourd, plus il doit choisir une peau \u00e9paisse.<\/p>\n<p><img loading=\"lazy\" class=\"alignnone size-full wp-image-379\" src=\"https:\/\/www.poli.fr\/g\/wp-content\/uploads\/2020\/11\/douleur-POLI_PREM_2_DEF.jpg\" alt=\"\" width=\"1000\" height=\"667\" srcset=\"https:\/\/www.poli.fr\/g\/wp-content\/uploads\/2020\/11\/douleur-POLI_PREM_2_DEF.jpg 1000w, https:\/\/www.poli.fr\/g\/wp-content\/uploads\/2020\/11\/douleur-POLI_PREM_2_DEF-300x200.jpg 300w, https:\/\/www.poli.fr\/g\/wp-content\/uploads\/2020\/11\/douleur-POLI_PREM_2_DEF-768x512.jpg 768w\" sizes=\"(max-width: 709px) 85vw, (max-width: 909px) 67vw, (max-width: 1362px) 62vw, 840px\" \/><\/p>\n<h2>Remplacer son insert\u00a0?<\/h2>\n<p>Il est normal qu\u2019un produit qui souffre de frottements s\u2019ab\u00eeme avec les ann\u00e9es. L\u2019insert peut perdre en \u00e9paisseur par un ph\u00e9nom\u00e8ne d\u2019\u00e9crasement de la mousse. Par ailleurs, les coutures peuvent craquer et s\u2019ouvrir. Remplacer un insert est donc possible, mais cette op\u00e9ration doit \u00eatre r\u00e9alis\u00e9e en atelier avec du mat\u00e9riel sp\u00e9cifique \u00e0 la d\u00e9marche.<br \/>\nIl n\u2019est pas rare que la qualit\u00e9 d\u2019un insert en particulier peut mener un cycliste professionnel \u00e0 remplacer l\u2019insert de la marque de textiles avec laquelle son \u00e9quipe est en contrat, par sa peau favorite.<\/p>\n","protected":false},"excerpt":{"rendered":"<p>Rouler \u00e0 v\u00e9lo est toujours plus agr\u00e9able en \u00e9tant assis confortablement. Abordons dans ce guide du cuissard l\u2019insert, que l\u2019on nomme aussi \u00ab fond de cuissard \u00bb, \u00ab peau \u00bb ou encore \u00ab peau de chamois \u00bb, et qui vous permet d\u2019assurer confort et hygi\u00e8ne lors de chaque sortie. C&rsquo;est un \u00e9l\u00e9ment essentiel dans la &hellip; <a href=\"https:\/\/www.poli.fr\/g\/choisir-peau-chamois-cuissard-velo\/\" class=\"more-link\">Continuer la lecture<span class=\"screen-reader-text\"> de &laquo;&nbsp;La peau de chamois (insert) d\u2019un cuissard de v\u00e9lo&nbsp;&raquo;<\/span><\/a><\/p>\n","protected":false},"author":2,"featured_media":0,"parent":0,"menu_order":0,"comment_status":"closed","ping_status":"closed","template":"templates\/grappe.php","meta":[],"_links":{"self":[{"href":"https:\/\/www.poli.fr\/g\/wp-json\/wp\/v2\/pages\/141"}],"collection":[{"href":"https:\/\/www.poli.fr\/g\/wp-json\/wp\/v2\/pages"}],"about":[{"href":"https:\/\/www.poli.fr\/g\/wp-json\/wp\/v2\/types\/page"}],"author":[{"embeddable":true,"href":"https:\/\/www.poli.fr\/g\/wp-json\/wp\/v2\/users\/2"}],"replies":[{"embeddable":true,"href":"https:\/\/www.poli.fr\/g\/wp-json\/wp\/v2\/comments?post=141"}],"version-history":[{"count":14,"href":"https:\/\/www.poli.fr\/g\/wp-json\/wp\/v2\/pages\/141\/revisions"}],"predecessor-version":[{"id":1093,"href":"https:\/\/www.poli.fr\/g\/wp-json\/wp\/v2\/pages\/141\/revisions\/1093"}],"wp:attachment":[{"href":"https:\/\/www.poli.fr\/g\/wp-json\/wp\/v2\/media?parent=141"}],"curies":[{"name":"wp","href":"https:\/\/api.w.org\/{rel}","templated":true}]}}